{"id":10631,"date":"2022-10-25T09:23:02","date_gmt":"2022-10-25T07:23:02","guid":{"rendered":"https:\/\/www.ovi.be\/dealer\/marc-weymeersch\/"},"modified":"2024-11-27T10:04:58","modified_gmt":"2024-11-27T08:04:58","slug":"marc-weymeersch","status":"publish","type":"dealer","link":"https:\/\/www.ovi.be\/fr\/dealer\/marc-weymeersch\/","title":{"rendered":"Marc Weymeersch"},"featured_media":11770,"template":"","locaties":[787,793,788,795,792,790,791,794],"dealer_type":[780,785],"class_list":["post-10631","dealer","type-dealer","status-publish","has-post-thumbnail","hentry","locaties-anvers","locaties-brabant-flamand","locaties-bruxelles","locaties-flandre-occindentale","locaties-flandre-oriental","locaties-limbourg","locaties-national","locaties-wallonie-fr","dealer_type-autre","dealer_type-independant"],"acf":[],"yoast_head":"<!-- This site is optimized with the Yoast SEO plugin v26.4 - https:\/\/yoast.com\/wordpress\/plugins\/seo\/ -->\n<title>Marc Weymeersch - OVI<\/title>\n<meta name=\"description\" content=\"Marc Weymeersch est le repr\u00e9santant d&#039;OVI en Flandre Occindental et Oriental. Contactez-le via t\u00e9l\u00e9phone ou e-mail.\" \/>\n<meta name=\"robots\" content=\"index, follow, max-snippet:-1, max-image-preview:large, max-video-preview:-1\" \/>\n<link rel=\"canonical\" href=\"https:\/\/www.ovi.be\/fr\/dealer\/marc-weymeersch\/\" \/>\n<meta property=\"og:locale\" content=\"fr_FR\" \/>\n<meta property=\"og:type\" content=\"article\" \/>\n<meta property=\"og:title\" content=\"Marc Weymeersch - OVI\" \/>\n<meta property=\"og:description\" content=\"Marc Weymeersch est le repr\u00e9santant d&#039;OVI en Flandre Occindental et Oriental. Contactez-le via t\u00e9l\u00e9phone ou e-mail.\" \/>\n<meta property=\"og:url\" content=\"https:\/\/www.ovi.be\/fr\/dealer\/marc-weymeersch\/\" \/>\n<meta property=\"og:site_name\" content=\"OVI\" \/>\n<meta property=\"article:publisher\" content=\"https:\/\/www.facebook.com\/OlenseVleeswarenIndustrie\" \/>\n<meta property=\"article:modified_time\" content=\"2024-11-27T08:04:58+00:00\" \/>\n<meta property=\"og:image\" content=\"https:\/\/www.ovi.be\/wp-content\/uploads\/2022\/10\/Marc-scaled.jpg\" \/>\n\t<meta property=\"og:image:width\" content=\"1707\" \/>\n\t<meta property=\"og:image:height\" content=\"2560\" \/>\n\t<meta property=\"og:image:type\" content=\"image\/jpeg\" \/>\n<meta name=\"twitter:card\" content=\"summary_large_image\" \/>\n<meta name=\"twitter:label1\" content=\"Dur\u00e9e de lecture est.\" \/>\n\t<meta name=\"twitter:data1\" content=\"1 minute\" \/>\n<script type=\"application\/ld+json\" class=\"yoast-schema-graph\">{\"@context\":\"https:\/\/schema.org\",\"@graph\":[{\"@type\":\"WebPage\",\"@id\":\"https:\/\/www.ovi.be\/fr\/dealer\/marc-weymeersch\/\",\"url\":\"https:\/\/www.ovi.be\/fr\/dealer\/marc-weymeersch\/\",\"name\":\"Marc Weymeersch - OVI\",\"isPartOf\":{\"@id\":\"https:\/\/www.ovi.be\/#website\"},\"primaryImageOfPage\":{\"@id\":\"https:\/\/www.ovi.be\/fr\/dealer\/marc-weymeersch\/#primaryimage\"},\"image\":{\"@id\":\"https:\/\/www.ovi.be\/fr\/dealer\/marc-weymeersch\/#primaryimage\"},\"thumbnailUrl\":\"https:\/\/www.ovi.be\/wp-content\/uploads\/2022\/10\/Naamloos-47.png\",\"datePublished\":\"2022-10-25T07:23:02+00:00\",\"dateModified\":\"2024-11-27T08:04:58+00:00\",\"description\":\"Marc Weymeersch est le repr\u00e9santant d'OVI en Flandre Occindental et Oriental. Contactez-le via t\u00e9l\u00e9phone ou e-mail.\",\"breadcrumb\":{\"@id\":\"https:\/\/www.ovi.be\/fr\/dealer\/marc-weymeersch\/#breadcrumb\"},\"inLanguage\":\"fr-BE\",\"potentialAction\":[{\"@type\":\"ReadAction\",\"target\":[\"https:\/\/www.ovi.be\/fr\/dealer\/marc-weymeersch\/\"]}]},{\"@type\":\"ImageObject\",\"inLanguage\":\"fr-BE\",\"@id\":\"https:\/\/www.ovi.be\/fr\/dealer\/marc-weymeersch\/#primaryimage\",\"url\":\"https:\/\/www.ovi.be\/wp-content\/uploads\/2022\/10\/Naamloos-47.png\",\"contentUrl\":\"https:\/\/www.ovi.be\/wp-content\/uploads\/2022\/10\/Naamloos-47.png\",\"width\":1707,\"height\":2560},{\"@type\":\"BreadcrumbList\",\"@id\":\"https:\/\/www.ovi.be\/fr\/dealer\/marc-weymeersch\/#breadcrumb\",\"itemListElement\":[{\"@type\":\"ListItem\",\"position\":1,\"name\":\"Home\",\"item\":\"https:\/\/www.ovi.be\/fr\/\"},{\"@type\":\"ListItem\",\"position\":2,\"name\":\"Marc Weymeersch\"}]},{\"@type\":\"WebSite\",\"@id\":\"https:\/\/www.ovi.be\/#website\",\"url\":\"https:\/\/www.ovi.be\/\",\"name\":\"OVI\",\"description\":\"Your food partner\",\"publisher\":{\"@id\":\"https:\/\/www.ovi.be\/#organization\"},\"potentialAction\":[{\"@type\":\"SearchAction\",\"target\":{\"@type\":\"EntryPoint\",\"urlTemplate\":\"https:\/\/www.ovi.be\/?s={search_term_string}\"},\"query-input\":{\"@type\":\"PropertyValueSpecification\",\"valueRequired\":true,\"valueName\":\"search_term_string\"}}],\"inLanguage\":\"fr-BE\"},{\"@type\":\"Organization\",\"@id\":\"https:\/\/www.ovi.be\/#organization\",\"name\":\"OVI\",\"url\":\"https:\/\/www.ovi.be\/\",\"logo\":{\"@type\":\"ImageObject\",\"inLanguage\":\"fr-BE\",\"@id\":\"https:\/\/www.ovi.be\/#\/schema\/logo\/image\/\",\"url\":\"https:\/\/www.ovi.be\/wp-content\/uploads\/2022\/09\/mkn-ovrzct.svg\",\"contentUrl\":\"https:\/\/www.ovi.be\/wp-content\/uploads\/2022\/09\/mkn-ovrzct.svg\",\"width\":220,\"height\":187,\"caption\":\"OVI\"},\"image\":{\"@id\":\"https:\/\/www.ovi.be\/#\/schema\/logo\/image\/\"},\"sameAs\":[\"https:\/\/www.facebook.com\/OlenseVleeswarenIndustrie\",\"https:\/\/www.linkedin.com\/company\/olensevleeswarenindustrie\/\"]}]}<\/script>\n<!-- \/ Yoast SEO plugin. -->","yoast_head_json":{"title":"Marc Weymeersch - OVI","description":"Marc Weymeersch est le repr\u00e9santant d'OVI en Flandre Occindental et Oriental. Contactez-le via t\u00e9l\u00e9phone ou e-mail.","robots":{"index":"index","follow":"follow","max-snippet":"max-snippet:-1","max-image-preview":"max-image-preview:large","max-video-preview":"max-video-preview:-1"},"canonical":"https:\/\/www.ovi.be\/fr\/dealer\/marc-weymeersch\/","og_locale":"fr_FR","og_type":"article","og_title":"Marc Weymeersch - OVI","og_description":"Marc Weymeersch est le repr\u00e9santant d'OVI en Flandre Occindental et Oriental. Contactez-le via t\u00e9l\u00e9phone ou e-mail.","og_url":"https:\/\/www.ovi.be\/fr\/dealer\/marc-weymeersch\/","og_site_name":"OVI","article_publisher":"https:\/\/www.facebook.com\/OlenseVleeswarenIndustrie","article_modified_time":"2024-11-27T08:04:58+00:00","og_image":[{"width":1707,"height":2560,"url":"https:\/\/www.ovi.be\/wp-content\/uploads\/2022\/10\/Marc-scaled.jpg","type":"image\/jpeg"}],"twitter_card":"summary_large_image","twitter_misc":{"Dur\u00e9e de lecture est.":"1 minute"},"schema":{"@context":"https:\/\/schema.org","@graph":[{"@type":"WebPage","@id":"https:\/\/www.ovi.be\/fr\/dealer\/marc-weymeersch\/","url":"https:\/\/www.ovi.be\/fr\/dealer\/marc-weymeersch\/","name":"Marc Weymeersch - OVI","isPartOf":{"@id":"https:\/\/www.ovi.be\/#website"},"primaryImageOfPage":{"@id":"https:\/\/www.ovi.be\/fr\/dealer\/marc-weymeersch\/#primaryimage"},"image":{"@id":"https:\/\/www.ovi.be\/fr\/dealer\/marc-weymeersch\/#primaryimage"},"thumbnailUrl":"https:\/\/www.ovi.be\/wp-content\/uploads\/2022\/10\/Naamloos-47.png","datePublished":"2022-10-25T07:23:02+00:00","dateModified":"2024-11-27T08:04:58+00:00","description":"Marc Weymeersch est le repr\u00e9santant d'OVI en Flandre Occindental et Oriental. Contactez-le via t\u00e9l\u00e9phone ou e-mail.","breadcrumb":{"@id":"https:\/\/www.ovi.be\/fr\/dealer\/marc-weymeersch\/#breadcrumb"},"inLanguage":"fr-BE","potentialAction":[{"@type":"ReadAction","target":["https:\/\/www.ovi.be\/fr\/dealer\/marc-weymeersch\/"]}]},{"@type":"ImageObject","inLanguage":"fr-BE","@id":"https:\/\/www.ovi.be\/fr\/dealer\/marc-weymeersch\/#primaryimage","url":"https:\/\/www.ovi.be\/wp-content\/uploads\/2022\/10\/Naamloos-47.png","contentUrl":"https:\/\/www.ovi.be\/wp-content\/uploads\/2022\/10\/Naamloos-47.png","width":1707,"height":2560},{"@type":"BreadcrumbList","@id":"https:\/\/www.ovi.be\/fr\/dealer\/marc-weymeersch\/#breadcrumb","itemListElement":[{"@type":"ListItem","position":1,"name":"Home","item":"https:\/\/www.ovi.be\/fr\/"},{"@type":"ListItem","position":2,"name":"Marc Weymeersch"}]},{"@type":"WebSite","@id":"https:\/\/www.ovi.be\/#website","url":"https:\/\/www.ovi.be\/","name":"OVI","description":"Your food partner","publisher":{"@id":"https:\/\/www.ovi.be\/#organization"},"potentialAction":[{"@type":"SearchAction","target":{"@type":"EntryPoint","urlTemplate":"https:\/\/www.ovi.be\/?s={search_term_string}"},"query-input":{"@type":"PropertyValueSpecification","valueRequired":true,"valueName":"search_term_string"}}],"inLanguage":"fr-BE"},{"@type":"Organization","@id":"https:\/\/www.ovi.be\/#organization","name":"OVI","url":"https:\/\/www.ovi.be\/","logo":{"@type":"ImageObject","inLanguage":"fr-BE","@id":"https:\/\/www.ovi.be\/#\/schema\/logo\/image\/","url":"https:\/\/www.ovi.be\/wp-content\/uploads\/2022\/09\/mkn-ovrzct.svg","contentUrl":"https:\/\/www.ovi.be\/wp-content\/uploads\/2022\/09\/mkn-ovrzct.svg","width":220,"height":187,"caption":"OVI"},"image":{"@id":"https:\/\/www.ovi.be\/#\/schema\/logo\/image\/"},"sameAs":["https:\/\/www.facebook.com\/OlenseVleeswarenIndustrie","https:\/\/www.linkedin.com\/company\/olensevleeswarenindustrie\/"]}]}},"_links":{"self":[{"href":"https:\/\/www.ovi.be\/fr\/wp-json\/wp\/v2\/dealer\/10631","targetHints":{"allow":["GET"]}}],"collection":[{"href":"https:\/\/www.ovi.be\/fr\/wp-json\/wp\/v2\/dealer"}],"about":[{"href":"https:\/\/www.ovi.be\/fr\/wp-json\/wp\/v2\/types\/dealer"}],"version-history":[{"count":1,"href":"https:\/\/www.ovi.be\/fr\/wp-json\/wp\/v2\/dealer\/10631\/revisions"}],"predecessor-version":[{"id":10633,"href":"https:\/\/www.ovi.be\/fr\/wp-json\/wp\/v2\/dealer\/10631\/revisions\/10633"}],"wp:featuredmedia":[{"embeddable":true,"href":"https:\/\/www.ovi.be\/fr\/wp-json\/wp\/v2\/media\/11770"}],"wp:attachment":[{"href":"https:\/\/www.ovi.be\/fr\/wp-json\/wp\/v2\/media?parent=10631"}],"wp:term":[{"taxonomy":"locaties","embeddable":true,"href":"https:\/\/www.ovi.be\/fr\/wp-json\/wp\/v2\/locaties?post=10631"},{"taxonomy":"dealer_type","embeddable":true,"href":"https:\/\/www.ovi.be\/fr\/wp-json\/wp\/v2\/dealer_type?post=10631"}],"curies":[{"name":"wp","href":"https:\/\/api.w.org\/{rel}","templated":true}]}}

<!-- This site is optimized with the Yoast SEO plugin v26.4 - https://yoast.com/wordpress/plugins/seo/ -->
<title>Marc Weymeersch - OVI</title>
<meta name="description" content="Marc Weymeersch est le représantant d&#039;OVI en Flandre Occindental et Oriental. Contactez-le via téléphone ou e-mail." />
<meta name="robots" content="index, follow, max-snippet:-1, max-image-preview:large, max-video-preview:-1" />
<link rel="canonical" href="https://www.ovi.be/fr/dealer/marc-weymeersch/" />
<meta property="og:locale" content="fr_FR" />
<meta property="og:type" content="article" />
<meta property="og:title" content="Marc Weymeersch - OVI" />
<meta property="og:description" content="Marc Weymeersch est le représantant d&#039;OVI en Flandre Occindental et Oriental. Contactez-le via téléphone ou e-mail." />
<meta property="og:url" content="https://www.ovi.be/fr/dealer/marc-weymeersch/" />
<meta property="og:site_name" content="OVI" />
<meta property="article:publisher" content="https://www.facebook.com/OlenseVleeswarenIndustrie" />
<meta property="article:modified_time" content="2024-11-27T08:04:58+00:00" />
<meta property="og:image" content="https://www.ovi.be/wp-content/uploads/2022/10/Marc-scaled.jpg" />
	<meta property="og:image:width" content="1707" />
	<meta property="og:image:height" content="2560" />
	<meta property="og:image:type" content="image/jpeg" />
<meta name="twitter:card" content="summary_large_image" />
<meta name="twitter:label1" content="Durée de lecture est." />
	<meta name="twitter:data1" content="1 minute" />
<script type="application/ld+json" class="yoast-schema-graph">{"@context":"https://schema.org","@graph":[{"@type":"WebPage","@id":"https://www.ovi.be/fr/dealer/marc-weymeersch/","url":"https://www.ovi.be/fr/dealer/marc-weymeersch/","name":"Marc Weymeersch - OVI","isPartOf":{"@id":"https://www.ovi.be/#website"},"primaryImageOfPage":{"@id":"https://www.ovi.be/fr/dealer/marc-weymeersch/#primaryimage"},"image":{"@id":"https://www.ovi.be/fr/dealer/marc-weymeersch/#primaryimage"},"thumbnailUrl":"https://www.ovi.be/wp-content/uploads/2022/10/Naamloos-47.png","datePublished":"2022-10-25T07:23:02+00:00","dateModified":"2024-11-27T08:04:58+00:00","description":"Marc Weymeersch est le représantant d'OVI en Flandre Occindental et Oriental. Contactez-le via téléphone ou e-mail.","breadcrumb":{"@id":"https://www.ovi.be/fr/dealer/marc-weymeersch/#breadcrumb"},"inLanguage":"fr-BE","potentialAction":[{"@type":"ReadAction","target":["https://www.ovi.be/fr/dealer/marc-weymeersch/"]}]},{"@type":"ImageObject","inLanguage":"fr-BE","@id":"https://www.ovi.be/fr/dealer/marc-weymeersch/#primaryimage","url":"https://www.ovi.be/wp-content/uploads/2022/10/Naamloos-47.png","contentUrl":"https://www.ovi.be/wp-content/uploads/2022/10/Naamloos-47.png","width":1707,"height":2560},{"@type":"BreadcrumbList","@id":"https://www.ovi.be/fr/dealer/marc-weymeersch/#breadcrumb","itemListElement":[{"@type":"ListItem","position":1,"name":"Home","item":"https://www.ovi.be/fr/"},{"@type":"ListItem","position":2,"name":"Marc Weymeersch"}]},{"@type":"WebSite","@id":"https://www.ovi.be/#website","url":"https://www.ovi.be/","name":"OVI","description":"Your food partner","publisher":{"@id":"https://www.ovi.be/#organization"},"potentialAction":[{"@type":"SearchAction","target":{"@type":"EntryPoint","urlTemplate":"https://www.ovi.be/?s={search_term_string}"},"query-input":{"@type":"PropertyValueSpecification","valueRequired":true,"valueName":"search_term_string"}}],"inLanguage":"fr-BE"},{"@type":"Organization","@id":"https://www.ovi.be/#organization","name":"OVI","url":"https://www.ovi.be/","logo":{"@type":"ImageObject","inLanguage":"fr-BE","@id":"https://www.ovi.be/#/schema/logo/image/","url":"https://www.ovi.be/wp-content/uploads/2022/09/mkn-ovrzct.svg","contentUrl":"https://www.ovi.be/wp-content/uploads/2022/09/mkn-ovrzct.svg","width":220,"height":187,"caption":"OVI"},"image":{"@id":"https://www.ovi.be/#/schema/logo/image/"},"sameAs":["https://www.facebook.com/OlenseVleeswarenIndustrie","https://www.linkedin.com/company/olensevleeswarenindustrie/"]}]}</script>
<!-- / Yoast SEO plugin. -->

Marc Weymeersch est le représantant d'OVI en Flandre Occindental et Oriental. Contactez-le via téléphone ou e-mail.
